the prime factors of p?
7
Suppose 5*t - 4*t - 2 = 0. Suppose s = t*s - 21. List the prime factors of s.
3, 7
Let t(r) = -4*r**3 - r**2 - 2*r - 1. Let m be t(-1). Suppose 0 = -0*q - m*q - 3*d + 38, 0 = -2*q - 4*d + 24. What are the prime factors of q?
2
Let l = -4 + 7. Let w = 5 - l. Suppose 4*x + x + w*m - 5 = 0, 5*x = -m + 10. List the prime factors of x.
3
List the prime factors of 0/(4/(-4)) - -93.
3, 31
Let g(q) = -q**3 + 7*q**2 - q + 5. Let j be g(7). Let i be 6/(3*3/(-6)). Let p = j - i. List the prime factors of p.
2
Let c = -70 + 97. What are the prime factors of c?
3
Suppose 4*c + 2*n - 28 = 3*n, 4*n - 14 = -5*c. List the prime factors of c.
2, 3
Suppose -4*v = -3*v - 31. What are the prime factors of v?
31
Let g = 193 + -104. List the prime factors of g.
89
Suppose 5*j = -5*z + 2*z + 34, -3*z + 14 = j. Suppose 5*h - 3*x - 5 = 5, -h - z*x = -2. What are the prime factors of h?
2
Suppose 80 = -3*a - a + 3*w, 0 = -5*a + 4*w - 99. Let c = a - -38. List the prime factors of c.
3, 5
Let d be -3*(-1)/(-3)*-1. Let a be -3*(0 + d)/1. Let f = -1 - a. What are the prime factors of f?
2
Let p be 1/((-3)/84) - -1. Let c = -14 - p. What are the prime factors of c?
13
Let c = -10 - -7. What are the prime factors of 12/(-18) - 8/c?
2
Let k(w) = -w**2 + 7*w. Let i(z) = -6*z + z**2 + 15 - 5*z - z + z. Let c be i(10). What are the prime factors of k(c)?
2, 5
Let y = -20 - 28. Let f be (-18)/99 + y/(-22). Suppose 2*q + 4*u = -4, q + f*u = 5*u + 8. List the prime factors of q.
2
Let n = 40 + -15. List the prime factors of 3/6 + n/2.
13
What are the prime factors of 1/(-4) - (-729)/36?
2, 5
Suppose -98 + 28 = -7*z. Let l = z + 2. List the prime factors of l.
2, 3
Let f(k) = 2*k - 2. Let u be f(-5). List the prime factors of (-1 + u)*1*-1.
13
Let h = 6 + 14. Let l = -8 + h. What are the prime factors of l?
2, 3
Suppose 2*x + 9 = 5*x. Suppose -5*j - 43 = 4*y + 14, -x*y - 42 = 3*j. Let c = y + 20. What are the prime factors of c?
7
Let z(t) = -t**3 - 6*t**2 - 6*t. List the prime factors of z(-5).
5
Let g(o) = o**3 - o**2 - o - 1. Let p(t) = 4*t**3 - 10*t**2 - 3*t - 4. Let c(b) = 5*g(b) - p(b). What are the prime factors of c(-4)?
23
Let k be (-855)/(-20) + 1/4. Let u = k + -9. What are the prime factors of u?
2, 17
Let d = -2 + -2. Let o be (-3 - d)/((-2)/(-4)). What are the prime factors of (4/(-2))/(o/(-7))?
7
Let g = -1 - -3. Suppose -3*t + g*t = 0. Suppose t*f + 2*f = 8. List the prime factors of f.
2
Let d be (6/18)/((-2)/(-18)). Suppose -d*v + 85 = 2*v. List the prime factors of v.
17
Let r be 2/9 - (-258)/54. Let f(l) = l**2 + l + 2. Let j be f(0). Let n = r + j. What are the prime factors of n?
7
Suppose -3*c - 4 = 2. What are the prime factors of (2/5)/(c/(-60))?
2, 3
Suppose -2*y = -5*y - 15. Suppose 0 = -5*q - 3*a - 2, -3*a = -q - 2*a + 6. List the prime factors of q/5 - 58/y.
2, 3
Suppose -22 = -6*f + 4*f. Let y = 6 + f. List the prime factors of y.
17
Let y = 10 + -5. Suppose -y*o = -15 - 20. What are the prime factors of o?
7
Let f be 25 + -1 + -1 + 2. Suppose 5*c - 5 = f. What are the prime factors of c + (-1 - 1) + 4?
2
Suppose 4*u = -3*d + 10 - 2, 0 = -4*u + 3*d + 32. Suppose 5 = p - 3*s, 3*p - 4*p = -2*s - u. Let v = p + -3. What are the prime factors of v?
2
Let n(u) = u + 2*u + 0*u + 2. What are the prime factors of n(2)?
2
Suppose -a + 10 = n + 2*n, 74 = 4*a - 5*n. Let d = -9 + a. What are the prime factors of d?
7
Let f = 2 + 3. Let t be 11/(6/5 - 1). Suppose t = -0*r + f*r. List the prime factors of r.
11
Let k = -17 - -20. List the prime factors of 6*k/(-6)*-13.
3, 13
Let z(c) = -17*c + 19. What are the prime factors of z(-4)?
3, 29
Suppose -2*d + 294 = 3*k + 39, 0 = k + 3. List the prime factors of d.
2, 3, 11
Let t be -1 + 4 - (-1)/1. Suppose 3*w = 5*d - 25, -t - 23 = -d + 5*w. Suppose 0 = c + d*z - 4*z + 8, 5*c = -4*z + 30. List the prime factors of c.
2
Let x be ((-1)/2)/((-1)/(-2)). Let g be x/1*35/(-5). Let i = g + -4. List the prime factors of i.
3
Let s(p) = 3*p + 4. Let o(x) = x + 2. Let k be o(-6). Let t be s(k). What are the prime factors of (26/t)/((-3)/12)?
13
Let c be (2 - 4)*(1 - 4). Let g(w) = 2*w + 14. Let v be g(-5). Suppose c - v = m. List the prime factors of m.
2
List the prime factors of (74/(-3))/(2/(-3)).
37
What are the prime factors of ((-20)/7)/(1/(-7))?
2, 5
Let t = 5 + -2. Suppose 2*w + 2*j + 30 = 6*w, w = -3*j - t. List the prime factors of w.
2, 3
Suppose -4*r + 28 - 4 = 0. What are the prime factors of (0 - -4)*9/r?
2, 3
Suppose -551 - 184 = -5*v. What are the prime factors of v?
3, 7
Let v(z) = -5*z**2 + 3*z + 3. Let a be v(-3). Let p = -81 - a. Let h = 43 + p. List the prime factors of h.
13
List the prime factors of (-4)/8 + (-36)/(-8).
2
Suppose 3*s - 2*b = 40, -62 = -4*s - s + b. What are the prime factors of s?
2, 3
Suppose j - 18 = 32. Let g(h) = -h**3 + 6*h**2 + 8*h - 4. Let t be g(7). Suppose 2*w = -t*w + j. List the prime factors of w.
2, 5
Suppose 5*s = 3*k + 11, 1 = 5*k - 3*s - 2. Suppose 5*j - 34 = k*j. List the prime factors of j.
17
Suppose 2*o = 7 - 3. What are the prime factors of o?
2
Let s(m) = m**3 + 4*m**2 - 6*m - 6. Let h be s(-5). What are the prime factors of (1 + 0)/(h/(-57))?
3, 19
Let l(h) = h**3 - 4*h**2 - 2*h - 5. Suppose 0 = -0*y - 5*y + 60. Suppose -5*k - y = -37. What are the prime factors of l(k)?
2, 5
Suppose -g + 11 = -20. What are the prime factors of g?
31
Let s(z) = -z + 9. Let v be s(9). Suppose v = -5*p - h + 112, p = 4*p - 3*h - 60. List the prime factors of p.
2, 11
Let q = 0 - -1. What are the prime factors of (3 - 2) + (2 - q)?
2
Let t = 144 + -62. What are the prime factors of t?
2, 41
Let u = -4 + 8. Let h be (4 - -2) + (1 - 1). Suppose -u = -s + h. What are the prime factors of s?
2, 5
Let x(s) = s**2 - 6*s + 3. Let l(n) = -5*n**2 - 4*n - 3*n + 1 + 4*n**2. Let h be l(-6). What are the prime factors of x(h)?
2, 5
Let p be (-1)/1 + -1 - -5. Suppose -2*w - 10 = -4*r - 24, p*w = -5*r + 32. Suppose -u + 10 + w = 0. What are the prime factors of u?
19
Let g be 0 - -2 - 1 - -3. Suppose -5*i = -5*b - 170, -2*i + g*i - 70 = b. List the prime factors of i.
2, 3
Suppose 5*c - 81 = -4*f, 0 = 5*c - 0*f - 4*f - 89. List the prime factors of c.
17
Suppose -5*l - 34 = -6*l. What are the prime factors of l?
2, 17
Suppose 3*x - 2*k = 5*x - 38, 2*x + k - 38 = 0. What are the prime factors of x?
19
Suppose -4*g = -2*n - 22, 2*n = 3*g - 13 - 6. Suppose -5*j - 5*o = -145, 8*j - g*j = 4*o + 181. Suppose -5*w = -2*w - j. What are the prime factors of w?
11
Suppose -5*u = -p - 28, 3*u + u - 5*p - 14 = 0. Suppose -w + 4*s = -7, -u*s - 28 = -3*w - s. What are the prime factors of w?
11
Let a(j) = -2 - 3*j + 0*j + 4*j. Let q be a(6). Suppose -13 = q*p - 45. List the prime factors of p.
2
Suppose 2*f - 5 = 3*u, -4*u - 10 = -0*u - 2*f. Let z = u + 7. What are the prime factors of z?
2
Let t(h) = h - 3*h + 8 + 3*h. Let g be t(-6). Suppose -8 = -2*r - g*r. List the prime factors of r.
2
Suppose -8*n + 82 = 18. List the prime factors of n.
2
Suppose 0 = p - 5*p + 8. Suppose 2*d - 24 = 44. What are the prime factors of d/4 + 1/p?
3
Suppose 2*g + 17 = -3*x, -4*x - 7 = -x + 4*g. Let l be 2/9 - 277/x. Suppose 2*n - n = 4*q - l, 4*n = 2*q + 2. List the prime factors of q.
3
Let b(o) = o**2 - 4*o + 1. Let v be b(-4). Suppose -3*n + 21 = 2*p, 0 = 4*n + 4*p + 5 - v. List the prime factors of n.
7
Suppose b - 1 = 0, -3*b = 3*j - 5*b + 8. Let z be j*1/(-4)*2. What are the prime factors of (-9)/z*(-2)/3?
2, 3
Let d = -9 + 6. Let c = 0 - d. List the prime factors of c.
3
Let t be 26/8 + (-1)/4. Let c = -5 + t. What are the prime factors of c/(-3)*3*6?
2, 3
Suppose -3*z = 0, 2*p - 3*z + 100 = -2*p. Let i = p - -55. List the prime factors of i.
2, 3, 5
Suppose 0 = 3*v - 0*v - 5*y + 37, -4*v - 41 = -5*y. List the prime factors of (v/(-6))/(6/432).
2, 3
Suppose -2*x + 2*z - 70 = 0, -x - 175 = 4*x + z. Let q be (-88)/(-10) + (-7)/x. Let w = 2 + q. What are the prime factors of w?
11
Suppose -4*f + 20 = -4*i, -5*f + 25 = -4*i + 2. Suppose w = -f*w + 48. List the prime factors of w.
2, 3
Let d = 21 - 2. Suppose 2 = 3*k - d. What are the prime factors of k?
7
Let o(h) = -h**3 + 5*h**2 - 3*h + 1. List the prime factors of o(4).
5
Let w(z) be the third derivative of -z**4/24 + 5*z**3/6 - z**2. Let u be w(-